{"version":"1.0","type":"rich","width":"560px","height":"140px","title":"43 - Umgang mit den eigenen Gef\u00fchlen der Trauer und Wut als Fachkraft. Ein Gespr\u00e4ch mit Teresa Miss. Teil 2","url":"http:\/\/beduerfnisorientierte-paedagogik.de\/43-umgang-mit-den-eigenen-gefuehlen-der-trauer-und-wut-als-fachkraft-ein-gespraech-mit-teresa-miss-teil-2","author_name":"Der Kita Podcast f\u00fcr bed\u00fcrfnisorientierte P\u00e4dagogik - Bed\u00fcrfnisorientierte P\u00e4dagogik in Krippe, Kita, Hort, Schule und Tagespflege mit Kindheitsp\u00e4dagogin Lea Wedewardt","author_url":"http:\/\/beduerfnisorientierte-paedagogik.de","thumbnail_url":"http:\/\/beduerfnisorientierte-paedagogik.de\/wp-content\/uploads\/2020\/01\/Podcast-Profil-3.jpg","html":"<iframe width=\"560px\" height=\"140px\" src=\"http:\/\/beduerfnisorientierte-paedagogik.de\/43-umgang-mit-den-eigenen-gefuehlen-der-trauer-und-wut-als-fachkraft-ein-gespraech-mit-teresa-miss-teil-2?standalonePlayer\"><\/iframe>"}

43 - Umgang mit den eigenen Gefühlen der Trauer und Wut als Fachkraft. Ein Gespräch mit Teresa Miss. Teil 2

Der Kita Podcast für bedürfnisorientierte Pädagogik - Bedürfnisorientierte Pädagogik in Krippe, Kita, Hort, Schule und Tagespflege mit Kindheitspädagogin Lea Wedewardt
